 the highest common factor of o and d?
6
Suppose 65 = 6*d - 19. What is the greatest common divisor of d and 938?
14
Suppose 0*k - 6 = 3*k. Let f be k + (-3 - (-1)/1 - -28). Calculate the highest common divisor of 264 and f.
24
Let i(n) = n**3 - 3*n**2 - 8*n + 15. Let c be i(5). Calculate the greatest common factor of 1225 and c.
25
Let p(h) = 3*h**2 + h - 7. Let o be p(-5). Let v = o - 60. Calculate the greatest common divisor of 12 and v.
3
Suppose -z - 25 = -5*u, -5*u + 55 = -z - 3*z. Let k be z/((-6)/(-9)*-1). What is the greatest common divisor of k and 120?
15
Suppose 10*w - 3*w - 245 = 0. Suppose -3*x = -2*s - w, -6*x = -4*x - 4*s - 34. Calculate the greatest common divisor of x and 81.
9
Suppose 0 = 3*g - 9, 2*g + 2*g + 12 = r. Let v = 25 - r. What is the greatest common factor of 8 and v?
1
Let b(x) = 3*x**3 - x**2 + x - 1. Let f be b(2). Suppose -32*k + 417 = -255. What is the highest common factor of f and k?
21
Let p be ((-324)/(-9))/4 + 2689. Calculate the highest common factor of 38 and p.
38
Suppose -11 - 52 = 3*r. Let f be (12/r)/(1/(-7)). Calculate the highest common divisor of f and 1.
1
Let f(d) be the first derivative of -d**2 - d + 9. Let x be f(-3). Calculate the highest common factor of x and 15.
5
Suppose -h + 116 = 2*i - 0*h, 5*h + 320 = 5*i. Suppose -2*s - 2*s + 96 = 0. Calculate the highest common divisor of i and s.
12
Suppose 7*i - 3*i = 3*t + 274, 3*i - t - 208 = 0. Calculate the greatest common factor of i and 28.
14
Suppose -3*z + 4*z = 3*u - 5, -6 = 2*z - 2*u. Let p = z - -7. Calculate the greatest common divisor of 5 and p.
5
Suppose -g - 4*g = 0. Let t be 1 - -1 - (g - (-1 + 8)). Let o = 1 + 0. Calculate the greatest common divisor of o and t.
1
Let u(y) = 39*y + 290. Let a be u(-6). Calculate the greatest common divisor of a and 532.
28
Suppose 103 = c - 2*p + 91, 0 = -3*c - 3*p + 18. What is the highest common divisor of 12 and c?
4
Let n = -31 + 34. Suppose b - 4 = 3*b. Let l be n + b + 1 + 86. What is the highest common divisor of l and 8?
8
Let y(a) = -a**3 - a**2 + 4*a + 2. Let q be y(-3). Let x be 48/(-14)*(-42 + 7). Calculate the greatest common divisor of x and q.
8
Let c(z) = 3*z - 29. Let p be c(19). Calculate the highest common factor of 182 and p.
14
Suppose 5*v - 2*t = 51, v - 4*t = 7 + 14. Let w be 193/3 - 12/v. What is the greatest common factor of 7 and w?
7
Let k be -33*57*(-22)/99. Calculate the greatest common divisor of 154 and k.
22
Let n be (-65)/(-4) - (136/32)/17. Suppose -2*i + 528 = i. Calculate the greatest common factor of i and n.
16
Suppose 24*i - 25*i + 616 = 0. Suppose 7*x + x = i. What is the greatest common divisor of 11 and x?
11
Let q = -5 - -11. Let p(a) = a**3 - 8*a**2 + 13*a + 12. Let h be p(6). What is the highest common divisor of q and h?
6
Let h be 2/((-2)/(-10)*-2). Let r = 0 - h. Suppose -7*k = -164 + 157. What is the greatest common divisor of k and r?
1
Let k(o) = o**3 - 39*o**2 + 75*o + 15. Let w be k(37). Suppose -26 = -y - 0*y. Calculate the greatest common factor of y and w.
26
Suppose -2*f + 16 = -f. Let d be (-6 - -7) + 0 + -5. Let c = f - d. What is the highest common divisor of 180 and c?
20
Suppose -14*q + 7*q = -2142. Suppose -4*j + q + 14 = 0. What is the greatest common factor of 40 and j?
40
Suppose 11*y - 44 = 7*y. Let n = -19 - y. Let z be (24/n)/((-2)/20). What is the highest common divisor of 1 and z?
1
Suppose 3*p - 1344 = -p. Let x be (-2)/(-5) + p/60. Let t = 105 - 75. What is the highest common divisor of t and x?
6
Let t be (18/15)/((-6)/(-40)). Let c(l) = 7*l**2 + 2*l + 16. Let p be c(0). What is the highest common factor of t and p?
8
Let a(w) = -w**3 - 2*w**2 + w - 1. Suppose -2*z = 7 - 1. Let h be a(z). What is the greatest common factor of h and 35?
5
Suppose 4*s = 2*s + 92. Suppose -5*u + 3*a + 1147 = 0, 0*u + 5*a + 455 = 2*u. Calculate the greatest common divisor of s and u.
46
Let a = 5583 - 5567. Suppose -5*d + 4*l + 312 = 0, -4*d + 289 = 2*l + 29. What is the highest common divisor of a and d?
16
Suppose 2*s - 1536 = 3*j - 7*j, j = 3*s + 391. Suppose j = 4*p - 195. What is the greatest common factor of p and 29?
29
Suppose 2*a - 25 = n, -6 = 13*n - 11*n. Let g be 11/(-1)*(-1)/1. Calculate the highest common divisor of a and g.
11
Let i = -27 + 31. What is the greatest common divisor of 100 and i?
4
Let h = 57 - 53. Let n = 34 - h. Calculate the highest common divisor of n and 10.
10
Let u be 60 + -55 - (-31 + 2). What is the greatest common divisor of 986 and u?
34
Let g = 63 + -62. What is the highest common divisor of g and 2?
1
Let m be (2505/(-10))/(12/(-16)*1). Calculate the greatest common factor of 2 and m.
2
Suppose -108 = 7*v - 6*v. Let x = 394 + v. Calculate the greatest common divisor of 26 and x.
26
Let s(h) = h**2 - 51*h + 418. Let q be s(10). Let u = 29 - 21. Calculate the greatest common divisor of u and q.
8
Suppose 0 = 3*t + 14 - 41. Suppose 0 = 3*p + t, 0 = 3*q - 5*p - 56 + 20. Calculate the greatest common divisor of q and 14.
7
Let d be (-68)/(-306) + (-1 - 500/(-18)). Suppose 12 = 5*u + a, 6*u = 3*u + a + 12. Calculate the greatest common factor of u and d.
3
Let h be (4 + -7 + -3)*(-87 - -1). What is the highest common divisor of 12 and h?
12
Suppose 117*s - 115*s - 52 = 0. What is the highest common divisor of s and 208?
26
Suppose 2*l + 30 = 2*u, -u + 7*l - 4*l + 19 = 0. What is the greatest common factor of u and 104?
13
Let t be (-5)/((-75)/6) - 2490/(-25). Suppose 8*l - t = 3*l. Let f(s) = -s**3 + 3*s**2 + 5*s + 1. Let b be f(4). What is the highest common divisor of l and b?
5
Let h = 202 + -190. What is the highest common factor of 150 and h?
6
Let m = 23 + -5. Let o be (-675)/90*(-1 + 7)*-1. What is the greatest common factor of o and m?
9
Suppose -25*g + 98 = -2. Calculate the greatest common factor of g and 64.
4
Suppose -34 - 16 = -5*w. Let u(k) be the second derivative of k**4/3 + k**3/2 - k**2 + 7*k. Let r be u(-4). Calculate the highest common factor of w and r.
10
Let h(w) = w + 8. Let s(b) be the third derivative of -b**4/12 + 4*b**3/3 + 6*b**2. Let u be s(6). Let d be h(u). What is the greatest common factor of 1 and d?
1
Suppose o - 3*d - 102 = 0, 5*o + 2*d = 6*o - 99. What is the highest common factor of 1 and o?
1
Suppose 3 = -x, 2*i - 7*x + 4*x - 87 = 0. What is the greatest common divisor of 130 and i?
13
Let t(n) be the first derivative of 3*n**2 + 12*n - 10. Let q be t(8). What is the highest common factor of 45 and q?
15
Let v = 369 - 361. Let r be (-2)/4 - (-10)/4. Suppose 0*b - r*b = -144. What is the highest common divisor of v and b?
8
Let x(b) = 2*b**3 - 26*b**2 + 65*b - 11. Let p be x(10). Calculate the highest common divisor of 182 and p.
13
Let b(y) = 4*y + 2. Let o be b(1). Calculate the greatest common divisor of 96 and o.
6
Let b(j) = 261*j - 422. Let f be b(8). Calculate the greatest common factor of 68 and f.
34
Let w be (-3 - 12/(-3))*(2 + 0). Let l be (w + -3)/((15/(-297))/5). Calculate the highest common factor of l and 9.
9
Suppose -g = -6*g + 5*h + 105, -4*g = 4*h - 60. Let b(m) = -m**3 - 5*m**2 + m - 6. Let p be b(-7). Let d = p - 49. What is the highest common factor of g and d?
18
Let v be 4/(-5) - (-264)/55. Suppose 0*k - 12 = -v*k - 4*t, -5*k = -4*t - 6. Suppose 0 = -h + k + 27. Calculate the greatest common factor of h and 145.
29
Let h = 0 + -8. Let v be (-148)/h*(0 + 2). Suppose -v = -3*i - 4. Calculate the highest common divisor of i and 22.
11
Let b = 21 + -40. Let w be b + (2/2 - 5). Let a = w + 25. What is the highest common divisor of a and 1?
1
Let y(d) = 2*d**2 + d. Let p be y(-3). Let i be 4/(-38) + (-7)/(-798)*18822. What is the greatest common factor of p and i?
15
Let l = 30 - 40. Let r = l - -13. What is the highest common factor of r and 33?
3
Suppose -2*f - 8 = 4*r, 4*r + 5*f + 20 = 3*r. Suppose 5*w - w - 84 = r. Calculate the highest common factor of w and 189.
21
Suppose 5*b = -16*b + 420. Calculate the greatest common factor of 610 and b.
10
Let q(x) = 24*x - 180. Let u be q(13). What is the greatest common factor of u and 60?
12
Suppose -85 = 3*l - 4. Let f be 4/(-3)*(-3 + l). Let r(h) = -10*h. Let n be r(-6). Calculate the greatest common factor of n and f.
20
Let b = -257 + 293. Calculate the greatest common factor of b and 108.
36
Le